r?
True
Let n be -8 - (4 + -9) - -6750. Suppose 58*h + n = 61*h. Is h a prime number?
False
Let b(j) = -13*j**3 + 5*j**2 - j - 11. Let f be b(-5). Let n = 3356 - f. Suppose 4*c + x + 122 = n, -5*x = c - 363. Is c a composite number?
False
Suppose 1485 = -13*b + 46*b. Suppose -78*f - b = -83*f. Is f a composite number?
True
Is 8 + 245620 + (273/3)/(-13) composite?
False
Suppose 2*y - 18 - 98 = -l, -5*l = 4*y - 592. Let g be l/(-6)*(-142)/4. Suppose -2*o + g + 260 = 0. Is o prime?
False
Let k = -1646 + 13387. Suppose 8*w - 38651 = k. Is w composite?
False
Let z(m) = 362*m + 1603. Is z(11) a prime number?
False
Let h(v) = 1571*v - 2201. Is h(8) prime?
False
Suppose 33*i = 31*i + 25*i - 4852793. Is i prime?
False
Suppose 6285*m = 6215*m + 132845090. Is m a prime number?
True
Let r be 4/32*-14*-4. Let u be 772/7 + (-2)/r. Suppose 1219 + u = 3*x. Is x a composite number?
False
Let d(x) = -2*x**2 - 19*x - 15. Let y be d(-11). Is (1 - -1726)/(7 - y/(-8)) a prime number?
False
Is (2/(-8))/((-1)/12) + 6184 composite?
True
Let p(u) = 1796*u**2 - 37*u + 293. Is p(8) composite?
False
Let d be (-3817)/((-30)/(-4) + -3 + -5). Let v = d - 3801. Is v a composite number?
False
Suppose -4*h + 670667 = -5*z, -7*z + 3*z - 167675 = -h. Is h prime?
True
Let i be 4 + (-5 + 105)/(-4). Let h be ((-2)/((-28)/i))/(3/(-3632)). Suppose 5*b - 514 = -5*n + 1711, -4*b + 5*n + h = 0. Is b a composite number?
False
Let r = -2803284 - -3957083. Is r a prime number?
True
Let k(p) = -520*p - 89*p - 24681 + 24736. Is k(-3) prime?
False
Suppose 563243 + 6043376 = 49*i - 327175. Is i a composite number?
True
Suppose -2*l + 19058 = -6602. Let v(o) = -78*o. Let c be v(-3). Suppose w - 3276 = -j, -4*j + c = -4*w - l. Is j a prime number?
True
Let h(q) = q**3 - 33*q**2 + 3*q - 108. Let s be h(33). Is (-110223)/(-81) + (-2)/s a prime number?
True
Let m = 255516 + 524993. Is m composite?
True
Let f(h) = -3*h**2 - 8*h. Let t be f(-2). Suppose -g = -4*z - 9318, -t*g + 4968 + 4344 = -4*z. Let a = -1197 - z. Is a prime?
False
Let v(i) be the second derivative of -i**5/20 + 5*i**4/6 - 5*i**3/3 + 7*i**2 - 14*i. Let d be v(9). Suppose -21308 = d*r - 9*r. Is r a composite number?
True
Suppose -4 = -2*y + 2*x - 0*x, 6 = 3*y + 2*x. Is ((-115308)/(-8))/9*y a composite number?
False
Let o(k) = -k**3 - k**2 - 31*k - 1204. Is o(-33) a composite number?
False
Is 1835658/55 + 14/10 prime?
True
Let r(u) = 69*u + 146. Let x be r(5). Let d = x + 4586. Is d a prime number?
True
Let i(n) = 8*n**2 - 3*n - 35. Let y be (-24)/(-15)*(9 - 14). Is i(y) composite?
True
Suppose -9 = r - 0. Let v be 31908*(-2)/r - 6/9. Let i = -4895 + v. Is i composite?
True
Is -7 + (-7)/42*2784104*(-3)/2 prime?
True
Let b(q) = 2*q + 47. Let u be b(-9). Suppose 0 = u*j - 25*j - 40444. Is j composite?
False
Let x(o) = -1. Let n(z) = -25*z + 28. Let u(i) = n(i) - 5*x(i). Let c = 7137 - 7142. Is u(c) prime?
False
Suppose 28*d = 22*d + 11430. Suppose d = 9*k - 6*k. Is k a prime number?
False
Let a be (0 - 1)/(26/156). Let n be ((-3252)/(-18))/(2/a). Is 4/(-2) - (5 + n) prime?
False
Let i(b) be the third derivative of b**6/120 - b**5/4 - 17*b**4/12 + 59*b**3/6 - 2*b**2 - 5. Is i(22) composite?
False
Let o be -1 - (-35430)/35 - 2/7. Suppose o = 2*v - 431. Is v a prime number?
False
Let u(r) = 7061*r**2 - 1022*r + 6133. Is u(6) a prime number?
True
Let f(u) = 17*u**3 - 9*u**2 + 3*u - 3. Let i be (-2)/8 + 54/24. Suppose -3*d + 2*w + 16 = -i*w, 14 = 3*d - 2*w. Is f(d) prime?
True
Let n = 614 + -594. Let k(y) = 41*y**2 - 4*y + 35. Is k(n) prime?
False
Suppose 14*u - 51*u + 15*u = -179278. Is u a prime number?
False
Let i = -105 + 104. Let s(k) = -3446*k**3 + k**2 + 4*k + 2. Let o be s(i). Suppose -4*d - o = -5*g + d, 0 = g - 5*d - 681. Is g a prime number?
True
Is 13 - 99/9 - -234351 prime?
False
Let u(k) = 280502*k**3 + 4*k**2 + 2*k. Let p be u(-1). Is 1/8 - p/352 prime?
True
Suppose -41463 = -11*x + 2*x. Let h = 894 + x. Is h a composite number?
False
Suppose 7*t - 160835 = 468216 + 1134186. Is t prime?
False
Is (-2915507)/(-56) + (-90)/(-240) composite?
True
Suppose 2*d + 4 = 32. Suppose -d*j = -1600 - 3790. Suppose -3*o = 2*o - j. Is o composite?
True
Let w(j) = -4*j - 80. Let p be w(-20). Suppose p = -4*i + q + 16561, -2*i + 16*q + 8253 = 21*q. Is i prime?
True
Suppose 23690 = 6*g - 4876. Let h = g - 1462. Is h prime?
True
Is -33 + 33 + (-20849)/(1/(-10)*2) a prime number?
False
Let t = 989 + -979. Suppose -t*c - 2*r + 114779 = -5*c, 4*c + 4*r - 91816 = 0. Is c a composite number?
True
Let s(m) = -m**3 - 50*m**2 - 4*m - 24. Let d(h) = -h**3 + 51*h**2 + 4*h + 23. Let k(j) = 2*d(j) + 3*s(j). Is k(-11) composite?
True
Suppose 6*w - 2*w + 20 = 0. Is 1522/(4 + w + 45/39) prime?
False
Is 4903440/(-168)*14/(-4) composite?
True
Let i = -12622 + 29218. Is i/6*2 - -7 a prime number?
False
Is 778416/29 - 2/(-29) a composite number?
True
Let u(n) = n**3 - 18*n - 8. Let g(y) = y. Let l be (2 + 3)*-1 + 6. Let z(i) = l*u(i) + 6*g(i). Is z(9) a prime number?
True
Let l = 14324 + -8868. Let f = l + 11147. Is f prime?
True
Let g(j) = 236*j**2 - 2*j - 5. Let z be g(-4). Suppose q - 1487 - z = 3*r, 21029 = 4*q - 5*r. Is q a composite number?
True
Let p = -25 + 24. Let a be p + ((-31)/(-11) - (-2)/11). Is -2 + 4694 + (2*-1)/a a prime number?
True
Let q(i) = -1217*i - 126. Let w(l) = l + 1. Let v(o) = -q(o) - 4*w(o). Is v(3) a composite number?
False
Suppose -5*v + 5676 = 7*v. Suppose 2*d + v = 2389. Is d composite?
True
Let s(n) = n**3 + 6*n**2 - 2*n. Let z be s(-6). Let o(a) = a**3 + 12*a**2 - 11*a + 29. Let q be o(-13). Is (2/(16/z))/(q/942) composite?
True
Suppose -18*k = -61*k + 1918531. Is k a composite number?
False
Let r be (1/(-5))/(-1) + 355/(-25). Is ((-2804)/r)/(23/161) composite?
True
Let t be 8/(-72)*2 + 2/9. Is 2*(1 + t)*3386/4 composite?
False
Let c(r) = 57*r + 29. Let y = 22 - 87. Let t = -57 - y. Is c(t) composite?
True
Suppose -1019750 = -5*r - 5*v, -119*v = 2*r - 114*v - 407909. Is r a prime number?
True
Suppose -48 = -3*m - 33. Suppose 0 = -m*x + g + 2*g + 14158, -4*x = g - 11323. Suppose -2*s = -x + 819. Is s prime?
False
Let i(h) = 4*h**2 + 4*h - 2. Let o be (-3)/6 + (-3)/2. Is i(o) a prime number?
False
Suppose 9*z = -3029 - 31459. Let t = -375 - z. Is t a prime number?
True
Let c(k) = k**3 - 14*k**2 - 28. Let w be c(14). Let l = -20 - w. Let y(v) = 21*v - 22. Is y(l) composite?
True
Let u = 276 - 255. Suppose -u*v + 20*v = -5219. Is v composite?
True
Let s(f) = -199*f - 48. Suppose -g - 29 = 3*b, 3*b = -4*g + 9*g + 109. Is s(g) prime?
False
Let y = 43546 - 23783. Is y prime?
True
Suppose -3*c = 4*c + 5*c - 194892. Is c prime?
False
Let t = 600 - 157. Suppose 0 = p + 3*d - 1335, -5322 = -4*p - 0*d - 3*d. Let j = p - t. Is j prime?
False
Is (12/(-4)*1)/(12/(-288076)) prime?
True
Suppose 9*j = -j + 2197891 - 407181. Is j a prime number?
False
Suppose -2*t + 0*d + 3146 = -2*d, -5*d = 4*t - 6274. Let f = 2788 - t. Let v = f - 702. Is v a prime number?
False
Is (-730)/(-438) + (-276157)/(-3) composite?
True
Let k(x) = 649*x**2 - 5*x - 20. Is k(6) a prime number?
False
Suppose -f = -1 - 3. Let u be (-3)/6*(-1 + (f - 3)). Suppose u = 29*i - 26*i - 5685. Is i a composite number?
True
Let m = 4715 - -5314. Suppose 0*o = 3*o - m. Is o a composite number?
False
Let v(q) = -q**3 - 9*q**2 - 52*q + 17. Let i be v(-22). Let z = 11694 - i. Is z composite?
False
Let j(p) = p**3 + p**2 - 4*p - 5. Let s = -10 + 8. Let w be j(s). Is (4 - -394) + (0 - (w - -2)) a composite number?
False
Let m = -14 - -11. Let y be 7/(-2)*(m/(-7) - 1). Suppose 1689 = o + y*o. Is o composite?
False
Suppose 2526617 + 4336829 = 157*k - 7871475. Is k a composite number?
True
Let h = 425 - 427. Is (-5697279)/(-273) - h/(-13) composite?
True
Let n be 4 - 36/8 - 37/(-2). Suppose n = -r + 5*x, -r + 12 = -4*r + x. Let g(d) = -4*d**3 - 4*d**2 - 3*d + 4. Is g(r) prime?
False
Let u(l) = -6*l**3 - 11*l**2 + 35*l + 49. Let c be u(-11). Suppose -11*r + c = -1326. Is r a composite number?
True
Let r = -1471 + 2458. Suppose 4*x - 23 = 2*z + r, -3*x - 5*z = -738. Is x composite?
False
Let j be (-30)/8 - 2/8. Let h be (-8 - (-22 + 12))*(-1 + -1). Is -5 - -154*j/h composite?
False
Let x = -8266 + 3043. Is (x/(6 - 3))/(-1) a prime number?
True
Is (-536)/(-268)*5/(-2)*1 + 228424 composite?
Fal